{"id":80,"date":"2021-05-28T22:44:21","date_gmt":"2021-05-28T20:44:21","guid":{"rendered":"http:\/\/gite-le-montagnard.com\/?page_id=80"},"modified":"2021-11-20T14:02:37","modified_gmt":"2021-11-20T13:02:37","slug":"activites","status":"publish","type":"page","link":"https:\/\/gite-le-montagnard.com\/index.php\/activites\/","title":{"rendered":"Activit\u00e9s"},"content":{"rendered":"\n<p><strong>Et\u00e9 : <\/strong><\/p>\n\n\n\n<p><strong>Hiver<\/strong> : <\/p>\n\n\n\n<p>Les activit\u00e9s hivernales sont nombreuses \u00e0 proximit\u00e9 du g\u00eete : ski de fond, raquettes, ski alpin, ski de randonn\u00e9e, chiens traineaux,\u2026<\/p>\n\n\n\n<p>De nombreux sites permettent de pratiquer ces activit\u00e9s&nbsp;:<\/p>\n\n\n\n<ul><li><a rel=\"noreferrer noopener\" href=\"http:\/\/www.les7laux.com\/\" target=\"_blank\">Station de ski des 7 Laux\u00a0(versant Le Pleynet)<\/a>\u00a0: A 10 minutes <\/li><\/ul>\n\n\n\n<p>C\u2019est plus de 120 km de pistes. Le domaine s\u2019\u00e9tend sur 2 versants et les 3 sites permettent de skier jusqu\u2019\u00e0 2400m d\u2019altitude. Le domaine comprend 45 pistes de ski&nbsp;: 10 vertes, 12 bleues, 16 rouges et 7 noires.<\/p>\n\n\n\n<ul><li><a rel=\"noreferrer noopener\" href=\"https:\/\/www.lecollet.com\/\" target=\"_blank\">Station de ski du Collet d\u2019Allevard<\/a>\u00a0: A 30 minutes<\/li><\/ul>\n\n\n\n<p>C\u2019est une station familiale avec une vue imprenable. C\u2019est l\u2019un des plus grands domaines de ski nocturne d\u2019Europe avec 10 pistes \u00e9clair\u00e9es.<\/p>\n\n\n\n<ul><li><a rel=\"noreferrer noopener\" href=\"https:\/\/www.espacenordiquedubarioz.fr\/\" target=\"_blank\">Espace nordique du Barioz<\/a>\u00a0: A 45 minutes<\/li><\/ul>\n\n\n\n<p>C\u2019est un foyer de ski de fond avec des pistes avec une vue imprenable. Vous pourrez aller jusqu\u2019au refuge du cr\u00eat du poulet en ski. De l\u00e0, vous avez une vue sur toute la chaine de Belledonne. Vous avez \u00e9galement plusieurs sentiers raquettes balis\u00e9s.<\/p>\n\n\n\n<ul><li><a rel=\"noreferrer noopener\" href=\"https:\/\/scbarioz.fr\/\" target=\"_blank\">Le domaine alpin du Barioz\u00a0(Grand plan)<\/a>: A 45 minutes<\/li><\/ul>\n\n\n\n<p>C\u2019est un lieu id\u00e9al pour s\u2019initier au ski alpin. Le fil neige est gratuit pour les d\u00e9butant. N\u00e9anmoins, les skieurs confirm\u00e9s pourront profiter de la piste rouge. Cette petite station est id\u00e9ale pour les familles. Elle permet de d\u00e9couvrir le ski alpin \u00e0 un prix d\u00e9risoire.<\/p>\n","protected":false},"excerpt":{"rendered":"<p>Et\u00e9 : Hiver : Les activit\u00e9s hivernales sont nombreuses \u00e0 proximit\u00e9 du g\u00eete : ski de fond, raquettes, ski alpin, ski de randonn\u00e9e, chiens traineaux,\u2026 De nombreux sites permettent de pratiquer ces activit\u00e9s&nbsp;: Station de ski des 7 Laux\u00a0(versant Le Pleynet)\u00a0: A 10 minutes C\u2019est plus de 120 km de pistes. Le domaine s\u2019\u00e9tend sur &hellip; <\/p>\n","protected":false},"author":1,"featured_media":0,"parent":0,"menu_order":0,"comment_status":"closed","ping_status":"closed","template":"","meta":[],"_links":{"self":[{"href":"https:\/\/gite-le-montagnard.com\/index.php\/wp-json\/wp\/v2\/pages\/80"}],"collection":[{"href":"https:\/\/gite-le-montagnard.com\/index.php\/wp-json\/wp\/v2\/pages"}],"about":[{"href":"https:\/\/gite-le-montagnard.com\/index.php\/wp-json\/wp\/v2\/types\/page"}],"author":[{"embeddable":true,"href":"https:\/\/gite-le-montagnard.com\/index.php\/wp-json\/wp\/v2\/users\/1"}],"replies":[{"embeddable":true,"href":"https:\/\/gite-le-montagnard.com\/index.php\/wp-json\/wp\/v2\/comments?post=80"}],"version-history":[{"count":3,"href":"https:\/\/gite-le-montagnard.com\/index.php\/wp-json\/wp\/v2\/pages\/80\/revisions"}],"predecessor-version":[{"id":176,"href":"https:\/\/gite-le-montagnard.com\/index.php\/wp-json\/wp\/v2\/pages\/80\/revisions\/176"}],"wp:attachment":[{"href":"https:\/\/gite-le-montagnard.com\/index.php\/wp-json\/wp\/v2\/media?parent=80"}],"curies":[{"name":"wp","href":"https:\/\/api.w.org\/{rel}","templated":true}]}}