{"id":71,"date":"2021-05-28T22:40:31","date_gmt":"2021-05-28T20:40:31","guid":{"rendered":"http:\/\/gite-le-montagnard.com\/?page_id=71"},"modified":"2021-11-25T13:02:25","modified_gmt":"2021-11-25T12:02:25","slug":"accueil","status":"publish","type":"page","link":"https:\/\/gite-le-montagnard.com\/","title":{"rendered":"Accueil"},"content":{"rendered":"\n<p><strong>Bienvenue au g\u00eete Le Montagnard.<\/strong><\/p>\n\n\n\n<p>Nous vous accueillons toute l\u2019ann\u00e9e dans notre g\u00eete le Montagnard:<\/p>\n\n\n\n<p>G\u00eete ind\u00e9pendant pour 6 personnes. Il est compos\u00e9 de 3 chambres de 2 personnes, un grand salon &#8211; salle \u00e0 manger, une cuisine \u00e9quip\u00e9e, une salle de bain avec baignoire, WC ind\u00e9pendants, un grand balcon avec table et bancs. Il a \u00e9t\u00e9 enti\u00e8rement r\u00e9nov\u00e9 en 2021.<\/p>\n\n\n\n<p>Le g\u00eete se trouve au RDC du logement des propri\u00e9taires et est enti\u00e8rement ind\u00e9pendant.<\/p>\n\n\n\n<p>Un grand jardin privatif est r\u00e9serv\u00e9 aux locataires avec barbecue, table, transats, balan\u00e7oire et vue imprenable sur Belledonne. <\/p>\n\n\n\n<p>Le g\u00eete se trouve dans un petit hameau tr\u00e8s calme, sur la commune du Haut-Br\u00e9da (La Ferri\u00e8re).<\/p>\n\n\n\n<p>Il est id\u00e9alement situ\u00e9 \u00e0 :<\/p>\n\n\n\n<ul><li>proximit\u00e9 imm\u00e9diate de nombreuses randonn\u00e9es (7 Laux, combe madame, Valloire, Grand Rocher&#8230;)<\/li><li>proximit\u00e9 imm\u00e9diate de balades en raquettes et randonn\u00e9es \u00e0 ski<\/li><li>10 minutes de la station de ski des 7Laux \u2013 c\u00f4t\u00e9 Pleynet ou vous pourrez pratiquer le ski alpin <\/li><li>15 minutes des thermes d\u2019Allevard,<\/li><li>45 minutes de la station de ski du Barioz\u00a0 o\u00f9 vous pourrez pratiquer le ski de fond, le ski alpin (petit domaine avec 2 remont\u00e9es), le ski de randonn\u00e9e et les raquettes l\u2019hiver et la randonn\u00e9e l\u2019\u00e9t\u00e9 (d\u00e9part pour le refuge du Cr\u00eat du Poulet),<\/li><li>30 minutes de la station de ski du Collet d\u2019allevard o\u00f9 vous pourrez pratiquer le ski alpin.<\/li><\/ul>\n\n\n\n<p>Vous pourrez pratiquer de nombreuses activit\u00e9s sportives \u00e0 proximit\u00e9 du g\u00eete : v\u00e9lo, parapente, trail, randonn\u00e9e,escalade, baignade,accrobranche, centre \u00e9questre,ski de fond, ski alpin, ski de randonn\u00e9e, raquettes,chiens de traineaux,\u2026<\/p>\n\n\n\n<p>Les activit\u00e9s culturelles sont \u00e9galement tr\u00e8s pr\u00e9sentes : mus\u00e9es, casino, cin\u00e9ma.<\/p>\n\n\n\n<p><\/p>\n\n\n\n<p>Il est possible de louer le g\u00eete en formule chambre d&#8217;h\u00f4te par un seul groupe de 1 \u00e0 6 personnes. Le petit d\u00e9jeuner vous sera d\u00e9pos\u00e9 le matin. La table d&#8217;h\u00f4te est \u00e9galement possible. Vous pourrez manger tranquillement nos petits plats montagnards  dans la salle \u00e0 manger du g\u00eete.<\/p>\n\n\n\n<p>Le g\u00eete est non fumeur.<\/p>\n\n\n\n<p>Les animaux ne sont pas accept\u00e9s.<\/p>\n\n\n\n<p>Sur demande, nous vous pr\u00eaterons du mat\u00e9riel b\u00e9b\u00e9 : lit parapluie, chaise haute et baignoire.<\/p>\n","protected":false},"excerpt":{"rendered":"<p>Bienvenue au g\u00eete Le Montagnard. Nous vous accueillons toute l\u2019ann\u00e9e dans notre g\u00eete le Montagnard: G\u00eete ind\u00e9pendant pour 6 personnes. Il est compos\u00e9 de 3 chambres de 2 personnes, un grand salon &#8211; salle \u00e0 manger, une cuisine \u00e9quip\u00e9e, une salle de bain avec baignoire, WC ind\u00e9pendants, un grand balcon avec table et bancs. Il &hellip; <\/p>\n","protected":false},"author":1,"featured_media":0,"parent":0,"menu_order":0,"comment_status":"closed","ping_status":"closed","template":"","meta":[],"_links":{"self":[{"href":"https:\/\/gite-le-montagnard.com\/index.php\/wp-json\/wp\/v2\/pages\/71"}],"collection":[{"href":"https:\/\/gite-le-montagnard.com\/index.php\/wp-json\/wp\/v2\/pages"}],"about":[{"href":"https:\/\/gite-le-montagnard.com\/index.php\/wp-json\/wp\/v2\/types\/page"}],"author":[{"embeddable":true,"href":"https:\/\/gite-le-montagnard.com\/index.php\/wp-json\/wp\/v2\/users\/1"}],"replies":[{"embeddable":true,"href":"https:\/\/gite-le-montagnard.com\/index.php\/wp-json\/wp\/v2\/comments?post=71"}],"version-history":[{"count":7,"href":"https:\/\/gite-le-montagnard.com\/index.php\/wp-json\/wp\/v2\/pages\/71\/revisions"}],"predecessor-version":[{"id":182,"href":"https:\/\/gite-le-montagnard.com\/index.php\/wp-json\/wp\/v2\/pages\/71\/revisions\/182"}],"wp:attachment":[{"href":"https:\/\/gite-le-montagnard.com\/index.php\/wp-json\/wp\/v2\/media?parent=71"}],"curies":[{"name":"wp","href":"https:\/\/api.w.org\/{rel}","templated":true}]}}