{"id":126,"date":"2021-05-31T21:49:32","date_gmt":"2021-05-31T19:49:32","guid":{"rendered":"http:\/\/gite-le-montagnard.com\/?page_id=126"},"modified":"2021-12-02T15:45:24","modified_gmt":"2021-12-02T14:45:24","slug":"exterieur-du-gite","status":"publish","type":"page","link":"https:\/\/gite-le-montagnard.com\/index.php\/exterieur-du-gite\/","title":{"rendered":"Ext\u00e9rieur du g\u00eete"},"content":{"rendered":"\n<p>Le g\u00eete se situe dans un petit hameau de montagne \u00e0 1000m d&#8217;altitude.<\/p>\n\n\n\n<p>Un vaste jardin vous est r\u00e9serv\u00e9. Vous y trouverez un barbecue, une table, des transats et un portique avec balan\u00e7oire.<\/p>\n\n\n\n<p>Une grande terrasse ombrag\u00e9e avec table et bancs vous permettra de profiter de la vue sur les montagnes.<\/p>\n\n\n\n<p>Dans ce jardin, calme et vue imprenable sont au rendez-vous.<\/p>\n\n\n\n<div class=\"wp-block-group\"><div class=\"wp-block-group__inner-container\">\n<figure class=\"wp-block-gallery columns-3 is-cropped\"><ul class=\"blocks-gallery-grid\"><li class=\"blocks-gallery-item\"><figure><img loading=\"lazy\" width=\"1024\" height=\"768\" src=\"http:\/\/gite-le-montagnard.com\/wp-content\/uploads\/2021\/11\/20210921_145643-1-1024x768.jpg\" alt=\"\" data-id=\"187\" data-link=\"http:\/\/gite-le-montagnard.com\/index.php\/exterieur-du-gite\/20210921_145643-1\/\" class=\"wp-image-187\" srcset=\"https:\/\/gite-le-montagnard.com\/wp-content\/uploads\/2021\/11\/20210921_145643-1-1024x768.jpg 1024w, https:\/\/gite-le-montagnard.com\/wp-content\/uploads\/2021\/11\/20210921_145643-1-300x225.jpg 300w, https:\/\/gite-le-montagnard.com\/wp-content\/uploads\/2021\/11\/20210921_145643-1-768x576.jpg 768w, https:\/\/gite-le-montagnard.com\/wp-content\/uploads\/2021\/11\/20210921_145643-1-1536x1152.jpg 1536w, https:\/\/gite-le-montagnard.com\/wp-content\/uploads\/2021\/11\/20210921_145643-1-2048x1536.jpg 2048w, https:\/\/gite-le-montagnard.com\/wp-content\/uploads\/2021\/11\/20210921_145643-1-80x60.jpg 80w\" sizes=\"(max-width: 1024px) 100vw, 1024px\" \/><\/figure><\/li><li class=\"blocks-gallery-item\"><figure><img loading=\"lazy\" width=\"1024\" height=\"768\" src=\"http:\/\/gite-le-montagnard.com\/wp-content\/uploads\/2021\/11\/20210922_135536-1-1024x768.jpg\" alt=\"\" data-id=\"188\" data-link=\"http:\/\/gite-le-montagnard.com\/index.php\/exterieur-du-gite\/20210922_135536-1\/\" class=\"wp-image-188\" srcset=\"https:\/\/gite-le-montagnard.com\/wp-content\/uploads\/2021\/11\/20210922_135536-1-1024x768.jpg 1024w, https:\/\/gite-le-montagnard.com\/wp-content\/uploads\/2021\/11\/20210922_135536-1-300x225.jpg 300w, https:\/\/gite-le-montagnard.com\/wp-content\/uploads\/2021\/11\/20210922_135536-1-768x576.jpg 768w, https:\/\/gite-le-montagnard.com\/wp-content\/uploads\/2021\/11\/20210922_135536-1-1536x1152.jpg 1536w, https:\/\/gite-le-montagnard.com\/wp-content\/uploads\/2021\/11\/20210922_135536-1-2048x1536.jpg 2048w, https:\/\/gite-le-montagnard.com\/wp-content\/uploads\/2021\/11\/20210922_135536-1-80x60.jpg 80w\" sizes=\"(max-width: 1024px) 100vw, 1024px\" \/><\/figure><\/li><li class=\"blocks-gallery-item\"><figure><img loading=\"lazy\" width=\"1024\" height=\"768\" src=\"http:\/\/gite-le-montagnard.com\/wp-content\/uploads\/2021\/11\/20211008_134000-1-1024x768.jpg\" alt=\"\" data-id=\"189\" data-link=\"http:\/\/gite-le-montagnard.com\/index.php\/exterieur-du-gite\/20211008_134000-1\/\" class=\"wp-image-189\" srcset=\"https:\/\/gite-le-montagnard.com\/wp-content\/uploads\/2021\/11\/20211008_134000-1-1024x768.jpg 1024w, https:\/\/gite-le-montagnard.com\/wp-content\/uploads\/2021\/11\/20211008_134000-1-300x225.jpg 300w, https:\/\/gite-le-montagnard.com\/wp-content\/uploads\/2021\/11\/20211008_134000-1-768x576.jpg 768w, https:\/\/gite-le-montagnard.com\/wp-content\/uploads\/2021\/11\/20211008_134000-1-1536x1152.jpg 1536w, https:\/\/gite-le-montagnard.com\/wp-content\/uploads\/2021\/11\/20211008_134000-1-2048x1536.jpg 2048w, https:\/\/gite-le-montagnard.com\/wp-content\/uploads\/2021\/11\/20211008_134000-1-80x60.jpg 80w\" sizes=\"(max-width: 1024px) 100vw, 1024px\" \/><\/figure><\/li><li class=\"blocks-gallery-item\"><figure><img loading=\"lazy\" width=\"1024\" height=\"312\" src=\"http:\/\/gite-le-montagnard.com\/wp-content\/uploads\/2021\/11\/P1060248-1024x312.jpg\" alt=\"\" data-id=\"191\" data-link=\"http:\/\/gite-le-montagnard.com\/index.php\/exterieur-du-gite\/p1060248\/\" class=\"wp-image-191\" srcset=\"https:\/\/gite-le-montagnard.com\/wp-content\/uploads\/2021\/11\/P1060248-1024x312.jpg 1024w, https:\/\/gite-le-montagnard.com\/wp-content\/uploads\/2021\/11\/P1060248-300x91.jpg 300w, https:\/\/gite-le-montagnard.com\/wp-content\/uploads\/2021\/11\/P1060248-768x234.jpg 768w, https:\/\/gite-le-montagnard.com\/wp-content\/uploads\/2021\/11\/P1060248-1536x468.jpg 1536w, https:\/\/gite-le-montagnard.com\/wp-content\/uploads\/2021\/11\/P1060248-2048x624.jpg 2048w, https:\/\/gite-le-montagnard.com\/wp-content\/uploads\/2021\/11\/P1060248-197x60.jpg 197w\" sizes=\"(max-width: 1024px) 100vw, 1024px\" \/><\/figure><\/li><li class=\"blocks-gallery-item\"><figure><img loading=\"lazy\" width=\"1024\" height=\"768\" src=\"http:\/\/gite-le-montagnard.com\/wp-content\/uploads\/2021\/11\/P1060260-1024x768.jpg\" alt=\"\" data-id=\"192\" data-link=\"http:\/\/gite-le-montagnard.com\/index.php\/exterieur-du-gite\/p1060260\/\" class=\"wp-image-192\" srcset=\"https:\/\/gite-le-montagnard.com\/wp-content\/uploads\/2021\/11\/P1060260-1024x768.jpg 1024w, https:\/\/gite-le-montagnard.com\/wp-content\/uploads\/2021\/11\/P1060260-300x225.jpg 300w, https:\/\/gite-le-montagnard.com\/wp-content\/uploads\/2021\/11\/P1060260-768x576.jpg 768w, https:\/\/gite-le-montagnard.com\/wp-content\/uploads\/2021\/11\/P1060260-1536x1152.jpg 1536w, https:\/\/gite-le-montagnard.com\/wp-content\/uploads\/2021\/11\/P1060260-2048x1536.jpg 2048w, https:\/\/gite-le-montagnard.com\/wp-content\/uploads\/2021\/11\/P1060260-80x60.jpg 80w\" sizes=\"(max-width: 1024px) 100vw, 1024px\" \/><\/figure><\/li><li class=\"blocks-gallery-item\"><figure><img loading=\"lazy\" width=\"768\" height=\"1024\" src=\"http:\/\/gite-le-montagnard.com\/wp-content\/uploads\/2021\/11\/P1060324-768x1024.jpg\" alt=\"\" data-id=\"193\" data-link=\"http:\/\/gite-le-montagnard.com\/index.php\/exterieur-du-gite\/p1060324\/\" class=\"wp-image-193\" srcset=\"https:\/\/gite-le-montagnard.com\/wp-content\/uploads\/2021\/11\/P1060324-768x1024.jpg 768w, https:\/\/gite-le-montagnard.com\/wp-content\/uploads\/2021\/11\/P1060324-225x300.jpg 225w, https:\/\/gite-le-montagnard.com\/wp-content\/uploads\/2021\/11\/P1060324-1152x1536.jpg 1152w, https:\/\/gite-le-montagnard.com\/wp-content\/uploads\/2021\/11\/P1060324-1536x2048.jpg 1536w, https:\/\/gite-le-montagnard.com\/wp-content\/uploads\/2021\/11\/P1060324-45x60.jpg 45w, https:\/\/gite-le-montagnard.com\/wp-content\/uploads\/2021\/11\/P1060324-scaled.jpg 1920w\" sizes=\"(max-width: 768px) 100vw, 768px\" \/><\/figure><\/li><li class=\"blocks-gallery-item\"><figure><img loading=\"lazy\" width=\"1024\" height=\"768\" src=\"http:\/\/gite-le-montagnard.com\/wp-content\/uploads\/2021\/11\/IMG_1668-1-1024x768.jpg\" alt=\"\" data-id=\"194\" data-link=\"http:\/\/gite-le-montagnard.com\/index.php\/exterieur-du-gite\/img_1668-1\/\" class=\"wp-image-194\" srcset=\"https:\/\/gite-le-montagnard.com\/wp-content\/uploads\/2021\/11\/IMG_1668-1-1024x768.jpg 1024w, https:\/\/gite-le-montagnard.com\/wp-content\/uploads\/2021\/11\/IMG_1668-1-300x225.jpg 300w, https:\/\/gite-le-montagnard.com\/wp-content\/uploads\/2021\/11\/IMG_1668-1-768x576.jpg 768w, https:\/\/gite-le-montagnard.com\/wp-content\/uploads\/2021\/11\/IMG_1668-1-1536x1152.jpg 1536w, https:\/\/gite-le-montagnard.com\/wp-content\/uploads\/2021\/11\/IMG_1668-1-2048x1536.jpg 2048w, https:\/\/gite-le-montagnard.com\/wp-content\/uploads\/2021\/11\/IMG_1668-1-80x60.jpg 80w\" sizes=\"(max-width: 1024px) 100vw, 1024px\" \/><\/figure><\/li><li class=\"blocks-gallery-item\"><figure><img loading=\"lazy\" width=\"1024\" height=\"768\" src=\"http:\/\/gite-le-montagnard.com\/wp-content\/uploads\/2021\/11\/IMG_1670-1-1024x768.jpg\" alt=\"\" data-id=\"195\" data-link=\"http:\/\/gite-le-montagnard.com\/index.php\/exterieur-du-gite\/img_1670-1\/\" class=\"wp-image-195\" srcset=\"https:\/\/gite-le-montagnard.com\/wp-content\/uploads\/2021\/11\/IMG_1670-1-1024x768.jpg 1024w, https:\/\/gite-le-montagnard.com\/wp-content\/uploads\/2021\/11\/IMG_1670-1-300x225.jpg 300w, https:\/\/gite-le-montagnard.com\/wp-content\/uploads\/2021\/11\/IMG_1670-1-768x576.jpg 768w, https:\/\/gite-le-montagnard.com\/wp-content\/uploads\/2021\/11\/IMG_1670-1-1536x1152.jpg 1536w, https:\/\/gite-le-montagnard.com\/wp-content\/uploads\/2021\/11\/IMG_1670-1-2048x1536.jpg 2048w, https:\/\/gite-le-montagnard.com\/wp-content\/uploads\/2021\/11\/IMG_1670-1-80x60.jpg 80w\" sizes=\"(max-width: 1024px) 100vw, 1024px\" \/><\/figure><\/li><li class=\"blocks-gallery-item\"><figure><img loading=\"lazy\" width=\"1024\" height=\"768\" src=\"http:\/\/gite-le-montagnard.com\/wp-content\/uploads\/2021\/11\/IMG_1673-1-1024x768.jpg\" alt=\"\" data-id=\"196\" data-link=\"http:\/\/gite-le-montagnard.com\/index.php\/exterieur-du-gite\/img_1673-1\/\" class=\"wp-image-196\" srcset=\"https:\/\/gite-le-montagnard.com\/wp-content\/uploads\/2021\/11\/IMG_1673-1-1024x768.jpg 1024w, https:\/\/gite-le-montagnard.com\/wp-content\/uploads\/2021\/11\/IMG_1673-1-300x225.jpg 300w, https:\/\/gite-le-montagnard.com\/wp-content\/uploads\/2021\/11\/IMG_1673-1-768x576.jpg 768w, https:\/\/gite-le-montagnard.com\/wp-content\/uploads\/2021\/11\/IMG_1673-1-1536x1152.jpg 1536w, https:\/\/gite-le-montagnard.com\/wp-content\/uploads\/2021\/11\/IMG_1673-1-2048x1536.jpg 2048w, https:\/\/gite-le-montagnard.com\/wp-content\/uploads\/2021\/11\/IMG_1673-1-80x60.jpg 80w\" sizes=\"(max-width: 1024px) 100vw, 1024px\" \/><\/figure><\/li><li class=\"blocks-gallery-item\"><figure><img loading=\"lazy\" width=\"1024\" height=\"312\" src=\"http:\/\/gite-le-montagnard.com\/wp-content\/uploads\/2021\/11\/P1060248-1-1024x312.jpg\" alt=\"\" data-id=\"197\" data-full-url=\"http:\/\/gite-le-montagnard.com\/wp-content\/uploads\/2021\/11\/P1060248-1-scaled.jpg\" data-link=\"http:\/\/gite-le-montagnard.com\/index.php\/exterieur-du-gite\/p1060248-1\/\" class=\"wp-image-197\" srcset=\"https:\/\/gite-le-montagnard.com\/wp-content\/uploads\/2021\/11\/P1060248-1-1024x312.jpg 1024w, https:\/\/gite-le-montagnard.com\/wp-content\/uploads\/2021\/11\/P1060248-1-300x91.jpg 300w, https:\/\/gite-le-montagnard.com\/wp-content\/uploads\/2021\/11\/P1060248-1-768x234.jpg 768w, https:\/\/gite-le-montagnard.com\/wp-content\/uploads\/2021\/11\/P1060248-1-1536x468.jpg 1536w, https:\/\/gite-le-montagnard.com\/wp-content\/uploads\/2021\/11\/P1060248-1-2048x624.jpg 2048w, https:\/\/gite-le-montagnard.com\/wp-content\/uploads\/2021\/11\/P1060248-1-197x60.jpg 197w\" sizes=\"(max-width: 1024px) 100vw, 1024px\" \/><\/figure><\/li><\/ul><\/figure>\n<\/div><\/div>\n\n\n\n<figure class=\"wp-block-gallery columns-3 is-cropped\"><ul class=\"blocks-gallery-grid\"><li class=\"blocks-gallery-item\"><figure><img loading=\"lazy\" width=\"1024\" height=\"768\" src=\"http:\/\/gite-le-montagnard.com\/wp-content\/uploads\/2021\/12\/IMG_1683-1024x768.jpg\" alt=\"\" data-id=\"200\" data-full-url=\"http:\/\/gite-le-montagnard.com\/wp-content\/uploads\/2021\/12\/IMG_1683-scaled.jpg\" data-link=\"http:\/\/gite-le-montagnard.com\/index.php\/exterieur-du-gite\/img_1683\/\" class=\"wp-image-200\" srcset=\"https:\/\/gite-le-montagnard.com\/wp-content\/uploads\/2021\/12\/IMG_1683-1024x768.jpg 1024w, https:\/\/gite-le-montagnard.com\/wp-content\/uploads\/2021\/12\/IMG_1683-300x225.jpg 300w, https:\/\/gite-le-montagnard.com\/wp-content\/uploads\/2021\/12\/IMG_1683-768x576.jpg 768w, https:\/\/gite-le-montagnard.com\/wp-content\/uploads\/2021\/12\/IMG_1683-1536x1152.jpg 1536w, https:\/\/gite-le-montagnard.com\/wp-content\/uploads\/2021\/12\/IMG_1683-2048x1536.jpg 2048w, https:\/\/gite-le-montagnard.com\/wp-content\/uploads\/2021\/12\/IMG_1683-80x60.jpg 80w\" sizes=\"(max-width: 1024px) 100vw, 1024px\" \/><\/figure><\/li><li class=\"blocks-gallery-item\"><figure><img loading=\"lazy\" width=\"1024\" height=\"768\" src=\"http:\/\/gite-le-montagnard.com\/wp-content\/uploads\/2021\/12\/IMG_1871-1024x768.jpg\" alt=\"\" data-id=\"201\" data-full-url=\"http:\/\/gite-le-montagnard.com\/wp-content\/uploads\/2021\/12\/IMG_1871-scaled.jpg\" data-link=\"http:\/\/gite-le-montagnard.com\/index.php\/exterieur-du-gite\/img_1871\/\" class=\"wp-image-201\" srcset=\"https:\/\/gite-le-montagnard.com\/wp-content\/uploads\/2021\/12\/IMG_1871-1024x768.jpg 1024w, https:\/\/gite-le-montagnard.com\/wp-content\/uploads\/2021\/12\/IMG_1871-300x225.jpg 300w, https:\/\/gite-le-montagnard.com\/wp-content\/uploads\/2021\/12\/IMG_1871-768x576.jpg 768w, https:\/\/gite-le-montagnard.com\/wp-content\/uploads\/2021\/12\/IMG_1871-1536x1152.jpg 1536w, https:\/\/gite-le-montagnard.com\/wp-content\/uploads\/2021\/12\/IMG_1871-2048x1536.jpg 2048w, https:\/\/gite-le-montagnard.com\/wp-content\/uploads\/2021\/12\/IMG_1871-80x60.jpg 80w\" sizes=\"(max-width: 1024px) 100vw, 1024px\" \/><\/figure><\/li><li class=\"blocks-gallery-item\"><figure><img loading=\"lazy\" width=\"1024\" height=\"768\" src=\"http:\/\/gite-le-montagnard.com\/wp-content\/uploads\/2021\/12\/IMG_1895-1024x768.jpg\" alt=\"\" data-id=\"202\" data-full-url=\"http:\/\/gite-le-montagnard.com\/wp-content\/uploads\/2021\/12\/IMG_1895-scaled.jpg\" data-link=\"http:\/\/gite-le-montagnard.com\/index.php\/exterieur-du-gite\/img_1895\/\" class=\"wp-image-202\" srcset=\"https:\/\/gite-le-montagnard.com\/wp-content\/uploads\/2021\/12\/IMG_1895-1024x768.jpg 1024w, https:\/\/gite-le-montagnard.com\/wp-content\/uploads\/2021\/12\/IMG_1895-300x225.jpg 300w, https:\/\/gite-le-montagnard.com\/wp-content\/uploads\/2021\/12\/IMG_1895-768x576.jpg 768w, https:\/\/gite-le-montagnard.com\/wp-content\/uploads\/2021\/12\/IMG_1895-1536x1152.jpg 1536w, https:\/\/gite-le-montagnard.com\/wp-content\/uploads\/2021\/12\/IMG_1895-2048x1536.jpg 2048w, https:\/\/gite-le-montagnard.com\/wp-content\/uploads\/2021\/12\/IMG_1895-80x60.jpg 80w\" sizes=\"(max-width: 1024px) 100vw, 1024px\" \/><\/figure><\/li><li class=\"blocks-gallery-item\"><figure><img loading=\"lazy\" width=\"1024\" height=\"768\" src=\"http:\/\/gite-le-montagnard.com\/wp-content\/uploads\/2021\/12\/IMG_1896-1024x768.jpg\" alt=\"\" data-id=\"203\" data-full-url=\"http:\/\/gite-le-montagnard.com\/wp-content\/uploads\/2021\/12\/IMG_1896-scaled.jpg\" data-link=\"http:\/\/gite-le-montagnard.com\/index.php\/exterieur-du-gite\/img_1896\/\" class=\"wp-image-203\" srcset=\"https:\/\/gite-le-montagnard.com\/wp-content\/uploads\/2021\/12\/IMG_1896-1024x768.jpg 1024w, https:\/\/gite-le-montagnard.com\/wp-content\/uploads\/2021\/12\/IMG_1896-300x225.jpg 300w, https:\/\/gite-le-montagnard.com\/wp-content\/uploads\/2021\/12\/IMG_1896-768x576.jpg 768w, https:\/\/gite-le-montagnard.com\/wp-content\/uploads\/2021\/12\/IMG_1896-1536x1152.jpg 1536w, https:\/\/gite-le-montagnard.com\/wp-content\/uploads\/2021\/12\/IMG_1896-2048x1536.jpg 2048w, https:\/\/gite-le-montagnard.com\/wp-content\/uploads\/2021\/12\/IMG_1896-80x60.jpg 80w\" sizes=\"(max-width: 1024px) 100vw, 1024px\" \/><\/figure><\/li><\/ul><\/figure>\n","protected":false},"excerpt":{"rendered":"<p>Le g\u00eete se situe dans un petit hameau de montagne \u00e0 1000m d&#8217;altitude. Un vaste jardin vous est r\u00e9serv\u00e9. Vous y trouverez un barbecue, une table, des transats et un portique avec balan\u00e7oire. Une grande terrasse ombrag\u00e9e avec table et bancs vous permettra de profiter de la vue sur les montagnes. Dans ce jardin, calme &hellip; <\/p>\n","protected":false},"author":1,"featured_media":0,"parent":0,"menu_order":0,"comment_status":"closed","ping_status":"closed","template":"","meta":[],"_links":{"self":[{"href":"https:\/\/gite-le-montagnard.com\/index.php\/wp-json\/wp\/v2\/pages\/126"}],"collection":[{"href":"https:\/\/gite-le-montagnard.com\/index.php\/wp-json\/wp\/v2\/pages"}],"about":[{"href":"https:\/\/gite-le-montagnard.com\/index.php\/wp-json\/wp\/v2\/types\/page"}],"author":[{"embeddable":true,"href":"https:\/\/gite-le-montagnard.com\/index.php\/wp-json\/wp\/v2\/users\/1"}],"replies":[{"embeddable":true,"href":"https:\/\/gite-le-montagnard.com\/index.php\/wp-json\/wp\/v2\/comments?post=126"}],"version-history":[{"count":6,"href":"https:\/\/gite-le-montagnard.com\/index.php\/wp-json\/wp\/v2\/pages\/126\/revisions"}],"predecessor-version":[{"id":204,"href":"https:\/\/gite-le-montagnard.com\/index.php\/wp-json\/wp\/v2\/pages\/126\/revisions\/204"}],"wp:attachment":[{"href":"https:\/\/gite-le-montagnard.com\/index.php\/wp-json\/wp\/v2\/media?parent=126"}],"curies":[{"name":"wp","href":"https:\/\/api.w.org\/{rel}","templated":true}]}}